{"id":2442,"date":"2024-10-21T20:32:26","date_gmt":"2024-10-21T20:32:26","guid":{"rendered":"https:\/\/zupnija-menges.rkc.si\/?page_id=2442"},"modified":"2024-10-21T20:32:27","modified_gmt":"2024-10-21T20:32:27","slug":"orgle-gorsic","status":"publish","type":"page","link":"https:\/\/zupnija-menges.rkc.si\/index.php\/orgle-gorsic\/","title":{"rendered":"Gor\u0161i\u010deve orgle: kulturni spomenik"},"content":{"rendered":"\n<p>Preberite:<\/p>\n\n\n\n<p><a href=\"https:\/\/organistica.si\/nacrt-obnove-gorsicevih-orgel-v-cerkvi-sv-mihaela-v-mengsu\/\" target=\"_blank\" rel=\"noreferrer noopener\">organistica.si: Na\u010drt obnove Gor\u0161i\u010devih orgel v Meng\u0161u<\/a><br><a href=\"https:\/\/organistica.si\/salicional-pianissimo-v-gorsicevih-orglah\/\" target=\"_blank\" rel=\"noreferrer noopener\">organistica.si: Gor\u0161i\u010dev Salicional Pianissimo tudi v menge\u0161kih orglah<\/a><\/p>\n\n\n\n<p><a href=\"https:\/\/domzalec.si\/kultura\/ustvarjalci\/znamenite-gorsiceve-orgle-v-zupniji-sv-mihaela-v-mengsu-bodo-delezne-obnove\/?fbclid=IwAR0UgkrOjBkO1-sIoH_EFfoFYF70WtbeMTbdj0P0gJ5RdbvZy-3RxF3bXso\" target=\"_blank\" rel=\"noreferrer noopener\">Pivar, Miro: ZNAMENITE GOR\u0160I\u010cEVE ORGLE V \u017dUPNIJI MENGE\u0160 BODO DELE\u017dNE PRENOVE; Dom\u017ealec.si<\/a><br><a href=\"https:\/\/zupnija-menges.rkc.si\/wp-content\/uploads\/2023\/04\/Mengsan_Obnova-Gorsicevih-orgel-v-Mengsu_Urbanija-Uros.pdf\" target=\"_blank\" rel=\"noreferrer noopener\">Uro\u0161 Urbanija: NA\u0160E ORGLE SO POMEMBEN KULTURNO-TEHNI\u010cNO-ZGODOVINSKI SPOMENIK; Meng\u0161an, marec 2023<\/a><br><a href=\"https:\/\/zupnija-menges.rkc.si\/Users\/Neza\/Downloads\/Mengsan%20april%202023%20splet.pdf\" target=\"_blank\" rel=\"noreferrer noopener\">Uro\u0161 Urbanija: V MENG\u0160U SO NEKO\u010c STALE ENE NAJSTAREJ\u0160IH OHRANJENIH ORGEL NA SLOVENSKEM; Meng\u0161an, maj 2023, str. 28<\/a><br><\/p>\n\n\n\n<figure class=\"wp-block-image size-large\"><a href=\"https:\/\/zupnija-menges.rkc.si\/wp-content\/uploads\/2024\/05\/75-pobarvan-plakat-scaled.jpg\" target=\"_blank\" rel=\"noreferrer noopener\"><img decoding=\"async\" loading=\"lazy\" width=\"1024\" height=\"720\" src=\"https:\/\/zupnija-menges.rkc.si\/wp-content\/uploads\/2024\/05\/75-pobarvan-plakat-1024x720.jpg\" alt=\"\" class=\"wp-image-2983\" srcset=\"https:\/\/zupnija-menges.rkc.si\/wp-content\/uploads\/2024\/05\/75-pobarvan-plakat-1024x720.jpg 1024w, https:\/\/zupnija-menges.rkc.si\/wp-content\/uploads\/2024\/05\/75-pobarvan-plakat-300x211.jpg 300w, https:\/\/zupnija-menges.rkc.si\/wp-content\/uploads\/2024\/05\/75-pobarvan-plakat-768x540.jpg 768w, https:\/\/zupnija-menges.rkc.si\/wp-content\/uploads\/2024\/05\/75-pobarvan-plakat-1536x1079.jpg 1536w, https:\/\/zupnija-menges.rkc.si\/wp-content\/uploads\/2024\/05\/75-pobarvan-plakat-2048x1439.jpg 2048w, https:\/\/zupnija-menges.rkc.si\/wp-content\/uploads\/2024\/05\/75-pobarvan-plakat-1000x703.jpg 1000w, https:\/\/zupnija-menges.rkc.si\/wp-content\/uploads\/2024\/05\/75-pobarvan-plakat-230x162.jpg 230w, https:\/\/zupnija-menges.rkc.si\/wp-content\/uploads\/2024\/05\/75-pobarvan-plakat-350x246.jpg 350w, https:\/\/zupnija-menges.rkc.si\/wp-content\/uploads\/2024\/05\/75-pobarvan-plakat-480x337.jpg 480w\" sizes=\"(max-width: 1024px) 100vw, 1024px\" \/><\/a><\/figure>\n\n\n\n<figure class=\"wp-block-image size-large is-resized\"><a href=\"https:\/\/zupnija-menges.rkc.si\/wp-content\/uploads\/2023\/07\/Plakat_PRENAVLJAMO-ORGLE_2.pdf\" target=\"_blank\" rel=\"noreferrer noopener\"><img decoding=\"async\" loading=\"lazy\" src=\"https:\/\/zupnija-menges.rkc.si\/wp-content\/uploads\/2023\/07\/Plakat_PRENAVLJAMO-ORGLE_2-724x1024.png\" alt=\"\" class=\"wp-image-2669\" width=\"482\" height=\"682\" srcset=\"https:\/\/zupnija-menges.rkc.si\/wp-content\/uploads\/2023\/07\/Plakat_PRENAVLJAMO-ORGLE_2-724x1024.png 724w, https:\/\/zupnija-menges.rkc.si\/wp-content\/uploads\/2023\/07\/Plakat_PRENAVLJAMO-ORGLE_2-212x300.png 212w, https:\/\/zupnija-menges.rkc.si\/wp-content\/uploads\/2023\/07\/Plakat_PRENAVLJAMO-ORGLE_2-768x1086.png 768w, https:\/\/zupnija-menges.rkc.si\/wp-content\/uploads\/2023\/07\/Plakat_PRENAVLJAMO-ORGLE_2-1086x1536.png 1086w, https:\/\/zupnija-menges.rkc.si\/wp-content\/uploads\/2023\/07\/Plakat_PRENAVLJAMO-ORGLE_2-1448x2048.png 1448w, https:\/\/zupnija-menges.rkc.si\/wp-content\/uploads\/2023\/07\/Plakat_PRENAVLJAMO-ORGLE_2-1000x1414.png 1000w, https:\/\/zupnija-menges.rkc.si\/wp-content\/uploads\/2023\/07\/Plakat_PRENAVLJAMO-ORGLE_2-230x325.png 230w, https:\/\/zupnija-menges.rkc.si\/wp-content\/uploads\/2023\/07\/Plakat_PRENAVLJAMO-ORGLE_2-350x495.png 350w, https:\/\/zupnija-menges.rkc.si\/wp-content\/uploads\/2023\/07\/Plakat_PRENAVLJAMO-ORGLE_2-480x679.png 480w\" sizes=\"(max-width: 482px) 100vw, 482px\" \/><\/a><figcaption class=\"wp-element-caption\">Kontakt za pomo\u010d pri fizi\u010dnih opravilih: Uro\u0161 Urbanija 031-353-969<\/figcaption><\/figure>\n\n\n\n<p>***<\/p>\n\n\n\n<figure class=\"wp-block-image size-large is-resized\"><img decoding=\"async\" loading=\"lazy\" src=\"https:\/\/zupnija-menges.rkc.si\/wp-content\/uploads\/2023\/05\/Plakat_slovo-od-orgel-724x1024.jpg\" alt=\"\" class=\"wp-image-2594\" width=\"431\" height=\"610\" srcset=\"https:\/\/zupnija-menges.rkc.si\/wp-content\/uploads\/2023\/05\/Plakat_slovo-od-orgel-724x1024.jpg 724w, https:\/\/zupnija-menges.rkc.si\/wp-content\/uploads\/2023\/05\/Plakat_slovo-od-orgel-212x300.jpg 212w, https:\/\/zupnija-menges.rkc.si\/wp-content\/uploads\/2023\/05\/Plakat_slovo-od-orgel-768x1086.jpg 768w, https:\/\/zupnija-menges.rkc.si\/wp-content\/uploads\/2023\/05\/Plakat_slovo-od-orgel-1086x1536.jpg 1086w, https:\/\/zupnija-menges.rkc.si\/wp-content\/uploads\/2023\/05\/Plakat_slovo-od-orgel-1448x2048.jpg 1448w, https:\/\/zupnija-menges.rkc.si\/wp-content\/uploads\/2023\/05\/Plakat_slovo-od-orgel-1000x1414.jpg 1000w, https:\/\/zupnija-menges.rkc.si\/wp-content\/uploads\/2023\/05\/Plakat_slovo-od-orgel-230x325.jpg 230w, https:\/\/zupnija-menges.rkc.si\/wp-content\/uploads\/2023\/05\/Plakat_slovo-od-orgel-350x495.jpg 350w, https:\/\/zupnija-menges.rkc.si\/wp-content\/uploads\/2023\/05\/Plakat_slovo-od-orgel-480x679.jpg 480w, https:\/\/zupnija-menges.rkc.si\/wp-content\/uploads\/2023\/05\/Plakat_slovo-od-orgel-scaled.jpg 1810w\" sizes=\"(max-width: 431px) 100vw, 431px\" \/><\/figure>\n\n\n\n<p>***<\/p>\n\n\n\n<p id=\"predavanje-organistica\" style=\"font-size:23px\"><strong>Predavanje o orglah Franca Gor\u0161i\u010da in o obnovi<\/strong><br>sobota, 22. april 2023 ob 20.00, \u017eupnijski dom Menge\u0161<\/p>\n\n\n\n<p>Organist in orgelski izvedenec Luka Posavec ter strokovni sodelavec Ale\u0161 Razpotnik, sodelavca <a href=\"https:\/\/www.facebook.com\/profile.php?id=100079753690113\" target=\"_blank\" rel=\"noreferrer noopener\">projekta Organistica<\/a>, nam bosta predstavila zgodovinsko ozadje orgel Franca Gor\u0161i\u010da in zasnovo projekta obnove orgel v \u017eupnijski cerkvi sv. Mihaela v Meng\u0161u. Po predavanju bo sledil ogled orgel v cerkvi. Veselimo se Va\u0161e udele\u017ebe in z njo podpore ohranjanju in spodbujanju slovenske orgelske dedi\u0161\u010dine.<br>Vljudno vabljeni!<\/p>\n\n\n\n<p>***<\/p>\n\n\n\n<p id=\"dan-odprtih-vrat\" style=\"font-size:23px\"><strong>Dan odprtih vrat na koru menge\u0161ke cerkve<\/strong><br>nedelja, 23. april 2023 po svetih ma\u0161ah, \u017eupnijska cerkev<\/p>\n\n\n\n<p id=\"dan-odprtih-vrat\">Ogled notranjosti in razlaga delovanja menge\u0161kih orgel. Z veseljem bomo odgovorili tudi na va\u0161a vpra\u0161anja.<\/p>\n\n\n\n<p>***<\/p>\n\n\n\n<p id=\"orglekids\" style=\"font-size:23px\"><strong>Delavnica za otroke<\/strong> <strong>in otroke po srcu<\/strong><br>nedelja, 23. april 2023 ob 16.00, \u017eupnijska cerkev v Meng\u0161u<\/p>\n\n\n\n<p id=\"Predavanje-Organistica\">Sestavili bomo miniaturne orgle in tako spoznali delovanje in\u0161trumenta. Prisluhnili bomo kratkemu nastopu otrok na miniaturnih orglah in ob njihovi spremljavi skupaj zapeli tudi kak\u0161no pesem. Delavnica je namenjena otrokom, zanimiva pa bo tudi za odrasle.&nbsp;<\/p>\n","protected":false},"excerpt":{"rendered":"<p>Preberite: organistica.si: Na\u010drt obnove Gor\u0161i\u010devih orgel v Meng\u0161uorganistica.si: Gor\u0161i\u010dev Salicional Pianissimo tudi v menge\u0161kih orglah Pivar, Miro: ZNAMENITE GOR\u0160I\u010cEVE ORGLE V \u017dUPNIJI MENGE\u0160 BODO DELE\u017dNE PRENOVE; Dom\u017ealec.siUro\u0161 Urbanija: NA\u0160E ORGLE [&hellip;]<\/p>\n","protected":false},"author":2,"featured_media":2983,"parent":0,"menu_order":0,"comment_status":"open","ping_status":"closed","template":"","meta":[],"yoast_head":"<!-- This site is optimized with the Yoast SEO plugin v20.5 - https:\/\/yoast.com\/wordpress\/plugins\/seo\/ -->\n<title>Gor\u0161i\u010deve orgle: kulturni spomenik - \u017dupnija Menge\u0161<\/title>\n<meta name=\"description\" content=\"Gor\u0161i\u010deve orgle na koru \u017eupnijske cerkve bodo po dobrih 130 letih bodo dele\u017ene temeljite prenove. - Orglarstvo Mo\u010dnik - Projekt Franc Gor\u0161i\u010d\" \/>\n<meta name=\"robots\" content=\"index, follow, max-snippet:-1, max-image-preview:large, max-video-preview:-1\" \/>\n<link rel=\"canonical\" href=\"https:\/\/zupnija-menges.rkc.si\/index.php\/orgle-gorsic\/\" \/>\n<meta property=\"og:locale\" content=\"sl_SI\" \/>\n<meta property=\"og:type\" content=\"article\" \/>\n<meta property=\"og:title\" content=\"Gor\u0161i\u010deve orgle: kulturni spomenik - \u017dupnija Menge\u0161\" \/>\n<meta property=\"og:description\" content=\"Gor\u0161i\u010deve orgle na koru \u017eupnijske cerkve bodo po dobrih 130 letih bodo dele\u017ene temeljite prenove. - Orglarstvo Mo\u010dnik - Projekt Franc Gor\u0161i\u010d\" \/>\n<meta property=\"og:url\" content=\"https:\/\/zupnija-menges.rkc.si\/index.php\/orgle-gorsic\/\" \/>\n<meta property=\"og:site_name\" content=\"\u017dupnija Menge\u0161\" \/>\n<meta property=\"article:modified_time\" content=\"2024-10-21T20:32:27+00:00\" \/>\n<meta property=\"og:image\" content=\"https:\/\/zupnija-menges.rkc.si\/wp-content\/uploads\/2024\/05\/75-pobarvan-plakat-scaled.jpg\" \/>\n\t<meta property=\"og:image:width\" content=\"2560\" \/>\n\t<meta property=\"og:image:height\" content=\"1799\" \/>\n\t<meta property=\"og:image:type\" content=\"image\/jpeg\" \/>\n<meta name=\"twitter:card\" content=\"summary_large_image\" \/>\n<meta name=\"twitter:label1\" content=\"Est. reading time\" \/>\n\t<meta name=\"twitter:data1\" content=\"2 minuti\" \/>\n<script type=\"application\/ld+json\" class=\"yoast-schema-graph\">{\"@context\":\"https:\/\/schema.org\",\"@graph\":[{\"@type\":[\"WebPage\",\"ProfilePage\"],\"@id\":\"https:\/\/zupnija-menges.rkc.si\/index.php\/orgle-gorsic\/\",\"url\":\"https:\/\/zupnija-menges.rkc.si\/index.php\/orgle-gorsic\/\",\"name\":\"Gor\u0161i\u010deve orgle: kulturni spomenik - \u017dupnija Menge\u0161\",\"isPartOf\":{\"@id\":\"https:\/\/zupnija-menges.rkc.si\/#website\"},\"datePublished\":\"2024-10-21T20:32:26+00:00\",\"dateModified\":\"2024-10-21T20:32:27+00:00\",\"description\":\"Gor\u0161i\u010deve orgle na koru \u017eupnijske cerkve bodo po dobrih 130 letih bodo dele\u017ene temeljite prenove. - Orglarstvo Mo\u010dnik - Projekt Franc Gor\u0161i\u010d\",\"breadcrumb\":{\"@id\":\"https:\/\/zupnija-menges.rkc.si\/index.php\/orgle-gorsic\/#breadcrumb\"},\"inLanguage\":\"sl-SI\",\"potentialAction\":[{\"@type\":\"ReadAction\",\"target\":[\"https:\/\/zupnija-menges.rkc.si\/index.php\/orgle-gorsic\/\"]}]},{\"@type\":\"BreadcrumbList\",\"@id\":\"https:\/\/zupnija-menges.rkc.si\/index.php\/orgle-gorsic\/#breadcrumb\",\"itemListElement\":[{\"@type\":\"ListItem\",\"position\":1,\"name\":\"Home\",\"item\":\"https:\/\/zupnija-menges.rkc.si\/\"},{\"@type\":\"ListItem\",\"position\":2,\"name\":\"Gor\u0161i\u010deve orgle: kulturni spomenik\"}]},{\"@type\":\"WebSite\",\"@id\":\"https:\/\/zupnija-menges.rkc.si\/#website\",\"url\":\"https:\/\/zupnija-menges.rkc.si\/\",\"name\":\"\u017dupnija Menge\u0161\",\"description\":\"\",\"potentialAction\":[{\"@type\":\"SearchAction\",\"target\":{\"@type\":\"EntryPoint\",\"urlTemplate\":\"https:\/\/zupnija-menges.rkc.si\/?s={search_term_string}\"},\"query-input\":\"required name=search_term_string\"}],\"inLanguage\":\"sl-SI\"},{\"@type\":\"Person\",\"@id\":\"https:\/\/zupnija-menges.rkc.si\/#\/schema\/person\/30a6136b3e62fe0948bbeadab6a011c8\",\"name\":\"\u017dupnija Menge\u0161\",\"image\":{\"@type\":\"ImageObject\",\"inLanguage\":\"sl-SI\",\"@id\":\"https:\/\/zupnija-menges.rkc.si\/#\/schema\/person\/image\/\",\"url\":\"https:\/\/secure.gravatar.com\/avatar\/5ab28e97e020e17154731a602459bd9e?s=96&d=mm&r=g\",\"contentUrl\":\"https:\/\/secure.gravatar.com\/avatar\/5ab28e97e020e17154731a602459bd9e?s=96&d=mm&r=g\",\"caption\":\"\u017dupnija Menge\u0161\"},\"url\":\"https:\/\/zupnija-menges.rkc.si\/index.php\/author\/zumenges\/\"}]}<\/script>\n<!-- \/ Yoast SEO plugin. -->","yoast_head_json":{"title":"Gor\u0161i\u010deve orgle: kulturni spomenik - \u017dupnija Menge\u0161","description":"Gor\u0161i\u010deve orgle na koru \u017eupnijske cerkve bodo po dobrih 130 letih bodo dele\u017ene temeljite prenove. - Orglarstvo Mo\u010dnik - Projekt Franc Gor\u0161i\u010d","robots":{"index":"index","follow":"follow","max-snippet":"max-snippet:-1","max-image-preview":"max-image-preview:large","max-video-preview":"max-video-preview:-1"},"canonical":"https:\/\/zupnija-menges.rkc.si\/index.php\/orgle-gorsic\/","og_locale":"sl_SI","og_type":"article","og_title":"Gor\u0161i\u010deve orgle: kulturni spomenik - \u017dupnija Menge\u0161","og_description":"Gor\u0161i\u010deve orgle na koru \u017eupnijske cerkve bodo po dobrih 130 letih bodo dele\u017ene temeljite prenove. - Orglarstvo Mo\u010dnik - Projekt Franc Gor\u0161i\u010d","og_url":"https:\/\/zupnija-menges.rkc.si\/index.php\/orgle-gorsic\/","og_site_name":"\u017dupnija Menge\u0161","article_modified_time":"2024-10-21T20:32:27+00:00","og_image":[{"width":2560,"height":1799,"url":"https:\/\/zupnija-menges.rkc.si\/wp-content\/uploads\/2024\/05\/75-pobarvan-plakat-scaled.jpg","type":"image\/jpeg"}],"twitter_card":"summary_large_image","twitter_misc":{"Est. reading time":"2 minuti"},"schema":{"@context":"https:\/\/schema.org","@graph":[{"@type":["WebPage","ProfilePage"],"@id":"https:\/\/zupnija-menges.rkc.si\/index.php\/orgle-gorsic\/","url":"https:\/\/zupnija-menges.rkc.si\/index.php\/orgle-gorsic\/","name":"Gor\u0161i\u010deve orgle: kulturni spomenik - \u017dupnija Menge\u0161","isPartOf":{"@id":"https:\/\/zupnija-menges.rkc.si\/#website"},"datePublished":"2024-10-21T20:32:26+00:00","dateModified":"2024-10-21T20:32:27+00:00","description":"Gor\u0161i\u010deve orgle na koru \u017eupnijske cerkve bodo po dobrih 130 letih bodo dele\u017ene temeljite prenove. - Orglarstvo Mo\u010dnik - Projekt Franc Gor\u0161i\u010d","breadcrumb":{"@id":"https:\/\/zupnija-menges.rkc.si\/index.php\/orgle-gorsic\/#breadcrumb"},"inLanguage":"sl-SI","potentialAction":[{"@type":"ReadAction","target":["https:\/\/zupnija-menges.rkc.si\/index.php\/orgle-gorsic\/"]}]},{"@type":"BreadcrumbList","@id":"https:\/\/zupnija-menges.rkc.si\/index.php\/orgle-gorsic\/#breadcrumb","itemListElement":[{"@type":"ListItem","position":1,"name":"Home","item":"https:\/\/zupnija-menges.rkc.si\/"},{"@type":"ListItem","position":2,"name":"Gor\u0161i\u010deve orgle: kulturni spomenik"}]},{"@type":"WebSite","@id":"https:\/\/zupnija-menges.rkc.si\/#website","url":"https:\/\/zupnija-menges.rkc.si\/","name":"\u017dupnija Menge\u0161","description":"","potentialAction":[{"@type":"SearchAction","target":{"@type":"EntryPoint","urlTemplate":"https:\/\/zupnija-menges.rkc.si\/?s={search_term_string}"},"query-input":"required name=search_term_string"}],"inLanguage":"sl-SI"},{"@type":"Person","@id":"https:\/\/zupnija-menges.rkc.si\/#\/schema\/person\/30a6136b3e62fe0948bbeadab6a011c8","name":"\u017dupnija Menge\u0161","image":{"@type":"ImageObject","inLanguage":"sl-SI","@id":"https:\/\/zupnija-menges.rkc.si\/#\/schema\/person\/image\/","url":"https:\/\/secure.gravatar.com\/avatar\/5ab28e97e020e17154731a602459bd9e?s=96&d=mm&r=g","contentUrl":"https:\/\/secure.gravatar.com\/avatar\/5ab28e97e020e17154731a602459bd9e?s=96&d=mm&r=g","caption":"\u017dupnija Menge\u0161"},"url":"https:\/\/zupnija-menges.rkc.si\/index.php\/author\/zumenges\/"}]}},"_links":{"self":[{"href":"https:\/\/zupnija-menges.rkc.si\/index.php\/wp-json\/wp\/v2\/pages\/2442"}],"collection":[{"href":"https:\/\/zupnija-menges.rkc.si\/index.php\/wp-json\/wp\/v2\/pages"}],"about":[{"href":"https:\/\/zupnija-menges.rkc.si\/index.php\/wp-json\/wp\/v2\/types\/page"}],"author":[{"embeddable":true,"href":"https:\/\/zupnija-menges.rkc.si\/index.php\/wp-json\/wp\/v2\/users\/2"}],"replies":[{"embeddable":true,"href":"https:\/\/zupnija-menges.rkc.si\/index.php\/wp-json\/wp\/v2\/comments?post=2442"}],"version-history":[{"count":27,"href":"https:\/\/zupnija-menges.rkc.si\/index.php\/wp-json\/wp\/v2\/pages\/2442\/revisions"}],"predecessor-version":[{"id":3150,"href":"https:\/\/zupnija-menges.rkc.si\/index.php\/wp-json\/wp\/v2\/pages\/2442\/revisions\/3150"}],"wp:featuredmedia":[{"embeddable":true,"href":"https:\/\/zupnija-menges.rkc.si\/index.php\/wp-json\/wp\/v2\/media\/2983"}],"wp:attachment":[{"href":"https:\/\/zupnija-menges.rkc.si\/index.php\/wp-json\/wp\/v2\/media?parent=2442"}],"curies":[{"name":"wp","href":"https:\/\/api.w.org\/{rel}","templated":true}]}}